 - (-7)/((-14)/144). Let h = j - -106. What is the highest common factor of h and 4?
4
Let u be (-13)/((-234)/136348) - (-25)/225. What is the greatest common factor of 75 and u?
75
Let k be 10 + (355 - (-12 + 20)) + -1. What is the greatest common divisor of 979 and k?
89
Let a(c) = 245*c - 806. Let y be a(4). What is the highest common divisor of y and 30?
6
Suppose 5138 = 31*g - 13214. Let y = g + -438. What is the highest common factor of y and 42?
14
Let j(f) = -f + 54. Let k = -86 - -108. Let x be j(k). Calculate the greatest common divisor of 96 and x.
32
Let q = -189 + 230. Suppose -q*o = -45*o + 100. Calculate the greatest common divisor of o and 50.
25
Let v = -1 - -18. Let h be (6/4)/(-1)*(6804/(-21) - -18). What is the highest common factor of v and h?
17
Let n = 252 + -250. Suppose -12*k + 141 = 2*u - 13*k, -126 = -n*u + 4*k. What is the greatest common divisor of u and 657?
73
Let q be 0 + (0 - 0) + -158. Let r = 178 + q. Calculate the highest common factor of r and 28.
4
Let f = 22891 - 21859. What is the highest common divisor of 3268 and f?
172
Let y = 2036 + -956. Suppose -7*q + y = -3*q. Let o(v) = v**3 + 12*v**2 + v - 95. Let h be o(-11). Calculate the highest common divisor of h and q.
15
Let n = -180 - -187. Let f = -98 + 34. Let u = 92 + f. What is the greatest common factor of u and n?
7
Let w be (-31)/(1 + 2/(-1)). Let u = -209 - -212. Let a(x) = 17*x**2 - 3*x + 11. Let i be a(u). What is the greatest common divisor of i and w?
31
Let k(y) = y**2 + 10*y - 33. Let o(f) = -11*f + 6. Let g be o(0). Let c be k(g). What is the highest common divisor of c and 14?
7
Let x be 10 - (-2362 + -33)*(-3)/(-3). Calculate the greatest common factor of 325 and x.
65
Let a = 23167 + -23095. What is the greatest common divisor of 420 and a?
12
Suppose -12 = -n + 5. Let c = 252 - 90. Let b be ((-92)/12 + 2)/((-6)/c). Calculate the highest common divisor of n and b.
17
Let s(v) = -28*v + 56. Let w be s(-3). Let h(d) = -d**3 + 26*d**2 - 42*d - 44. Let n be h(24). What is the greatest common factor of n and w?
20
Let y be 1521/117 - (-87)/1. What is the greatest common factor of 46 and y?
2
Let m be -6 + (216/(-30) - 2)*-5. Calculate the highest common factor of m and 6640.
40
Let x(a) = -94*a + 65. Let o be x(4). Let j = 531 + o. What is the greatest common divisor of 20 and j?
20
Let o = -2443 - -2497. Let v = -49 - -85. Calculate the highest common factor of v and o.
18
Let o = 933 + -876. Calculate the greatest common divisor of o and 2793.
57
Let q = -330 + 340. Let b be (3 - 5)*(-29)/2. Suppose 2*s - 89 + b = 0. Calculate the highest common factor of s and q.
10
Let g be 789 - 72/(-8) - 10. What is the highest common divisor of g and 8?
4
Let v be 0 + ((-14)/(-98) - 3079/(-7)). Calculate the greatest common factor of 1672 and v.
88
Let k(z) = -2*z**2 + 34*z - 5. Let b be k(10). Calculate the highest common divisor of b and 90.
45
Suppose -3602 = -90*o - 46*o + 2110. Calculate the highest common divisor of 266 and o.
14
Suppose -50*u - 155 = -2*z - 55*u, -4*z + 219 = -3*u. Calculate the highest common factor of z and 1410.
30
Let i be (3/(6/167))/((-8)/(-112)). Suppose i = 5*c + 179. What is the highest common factor of 18 and c?
18
Suppose 2*k - 180 = -170. Let a be 3*(k - 1)*166/12. Let s be a/18 + (-50)/225. Calculate the greatest common factor of s and 171.
9
Let d be 4/18 + 338/18. Let r(y) = -10*y**2 - 12*y. Let t be r(-5). Let m = 19 - t. What is the greatest common divisor of d and m?
19
Suppose 1110*z - 2210 = 1105*z. Let l(m) = -3*m - 11. Let c be l(-8). Calculate the highest common factor of c and z.
13
Suppose -5*j + 5*k + 205 = 0, -2*j + 76 - 24 = 4*k. Suppose 15 = -31*n + j*n. Suppose n*p = 102 - 18. Calculate the greatest common factor of p and 7.
7
Let a(l) = 23*l**2 + 23*l - 327. Let y be a(8). Calculate the highest common divisor of y and 6.
3
Suppose 64*t - 5288 = -3*a + 62*t, -t = 5*a - 8804. What is the highest common factor of a and 48?
16
Suppose -33*w = -10*w - 138. Let z be (-1344)/(-40) + w/15. Let b be (765/(-18))/(2/(-8)). What is the highest common divisor of z and b?
34
Let c = 16126 - 16021. Calculate the highest common factor of c and 25515.
105
Suppose 0 = 2*n + 4*o + 20 - 40, -4*n = 2*o - 40. Suppose n*x = -11*x + 1890. What is the greatest common divisor of 75 and x?
15
Let t = -15 - -18. Suppose 0 = -2*h + t*k + 119, -5*h + h - 4*k + 208 = 0. Calculate the greatest common divisor of 5 and h.
5
Let g = -8407 + 15576. Calculate the highest common factor of 107 and g.
107
Suppose 29*i + 75 = 4*i. Let y be (-207)/i + 5/(-1). Calculate the highest common divisor of y and 256.
64
Let s = 9457 - 5387. What is the highest common divisor of 110 and s?
110
Let w be 20/(-2)*(2/4 - 1). Let x be 15*(1 + (-2)/w). What is the highest common factor of x and 207?
9
Let z = 283 + -235. Suppose 2*s + 117 = 4*s - o, -3*o = s - z. What is the highest common factor of s and 38?
19
Let g(u) = 17*u - 74. Let t be g(25). Suppose 0 = -s - 12*s + t. Calculate the highest common divisor of 189 and s.
27
Let x be ((-33)/(-99))/(0 - 2/(-3096)). Calculate the greatest common divisor of x and 132.
12
Suppose 4*q = -h + 68 - 27, -2*q - 29 = -h. Suppose 4 = -7*k + 88. Calculate the greatest common factor of k and h.
3
Suppose -36 - 264 = -4*v + 4*g, 0 = -g - 2. Calculate the highest common factor of 1679 and v.
73
Let c = 2 - -3. Suppose 0*w - 15 = c*w, 2*u = 2*w + 272. Let t = -210841 - -210860. Calculate the greatest common divisor of u and t.
19
Suppose 50 = -7*s - 153. Let h(d) = -d**2 - 33*d - 63. Let v be h(s). What is the greatest common divisor of v and 742?
53
Let w(a) = 2*a - 23 + 7 - 6*a - 12. Let l be w(-7). Suppose -3*z + p + 28 = l, 3*p = 5*z - 25 - 15. What is the greatest common divisor of 1 and z?
1
Let l be 21*15/765*17. Let f(c) = -2 + 5 - 11*c + 38*c. Let m be f(l). What is the greatest common divisor of 12 and m?
12
Let w = 348 - 1014. Let p = -419 - w. What is the greatest common factor of 13 and p?
13
Suppose -554 = -3*u - r, 764 = 2*u - 5*r + 389. What is the highest common divisor of u and 666?
37
Suppose 4*b + z = 615, -5*b + 882 = z + 114. What is the greatest common factor of b and 1938?
51
Suppose 574*g - 582*g = -8600. Let p = -788 + g. What is the greatest common factor of 123 and p?
41
Let c(d) = 4*d - 91. Let q be c(24). Suppose -20 + 8 = -3*k. Suppose y - 15 = -k*m, q = 5*m - 5. What is the highest common factor of y and 28?
7
Suppose 0 = -2*c + 3*d + 2*d + 163, 4*c - 5*d = 331. Let x(p) = 24*p**2 + 33*p - 64. Let q be x(2). Calculate the highest common divisor of q and c.
14
Let s = -203 + 239. Let u(i) = i. Let j(y) = -2*y - 1. Let m(n) = 3*j(n) - 3*u(n). Let d be m(-3). What is the greatest common factor of s and d?
12
Let j = 3557 + -2639. Calculate the highest common factor of j and 126.
18
Suppose 0 = -144*g + 150*g - 180. Let a be 2 + (-2)/(8/(-732)). Let f = a + 85. Calculate the highest common divisor of g and f.
30
Let p(x) = -x**3 - 6*x**2 - 7*x - 4. Let o be p(-5). Suppose -o*u + 6 + 6 = 0. What is the highest common divisor of u and 50?
2
Let h(v) = -v**3 + 8*v**2 - 2*v - 44. Let w be h(7). Let l be 6/w - ((-969)/9 + 2). Calculate the greatest common factor of 21 and l.
21
Let v = -19602 - -19637. What is the greatest common factor of v and 2107?
7
Let k be (-43 + -1)/(2 - (-63)/(-28)). What is the greatest common divisor of k and 1628?
44
Let y(c) = 2*c**3 + 15*c**2 + 6*c + 27. Let q = -150 + 144. Let x be y(q). Calculate the greatest common factor of x and 165.
33
Let y = 10019 - 8264. What is the highest common factor of y and 260?
65
Suppose 5*s + 8*s + 13 = 0. Let v be (18 - -6) + (s - (-2 - -5)). What is the highest common divisor of 100 and v?
20
Let s be (-1 - 2)/((-3)/14). Suppose -480*k + 5891 = -3709. Calculate the greatest common divisor of s and k.
2
Suppose -5 = -2*m + x, -5*x - 3 - 2 = 0. What is the greatest common divisor of m and 6690?
2
Suppose -5*k + 33*v - 26 = 29*v, 45 = 5*v. Calculate the greatest common factor of 2232 and k.
2
Suppose 0 = 6*o - 2*o - o. Suppose o = 36*l - 1267 + 223. Calculate the greatest common factor of 1247 and l.
29
Suppose 3*i - 84722 = -5*u, -4*u - 2*i - 15265 + 83045 = 0. Calculate the highest common factor of u and 152.
76
Suppose 51